 6 + (-3 - 0).
7
13 + (-11 - -3) - 11
-6
What is the value of 6 - 3 - (5 - (-5 - -3))?
-4
Evaluate 1 - (-7 - (-2 + -4)).
2
Calculate -3 + (3 - (-4 - -4)).
0
Evaluate (2 - 7) + 9 + -3.
1
What is 2 + 11 + (9 - 21)?
1
Evaluate -2 + (0 - -1) - (11 - 15).
3
What is -4 - (-9 + -3 + 9)?
-1
Calculate 3 + -5 - (0 - -2) - -1.
-3
What is 6 - (3 - (6 - 9))?
0
What is -8 + 0 - (0 - 6)?
-2
What is the value of 9 - (3 + 6 + -2)?
2
What is -1 - -7 - (9 - (5 + -7))?
-5
4 + (-1 - 0) + (22 - 23)
2
Calculate 7 + -4 + -11 + 4.
-4
Calculate 0 + -2 + -42 + 50.
6
What is -5 + (7 + 0 - -2)?
4
Evaluate 0 + (-11 - (-5 - (1 - 2))).
-7
What is the value of -1 + -2 + (-2 + 3 - 2)?
-4
Evaluate (-3 + 2 - (-9 + 14)) + 3.
-3
What is the value of -4 + 5 + 3 + -3?
1
Calculate -3 + (-3 - -1) + (5 - 0).
0
-5 - (-2 + 2 + -8)
3
-8 + 5 - (-4 + 1)
0
What is 7 - (4 + 2) - -5?
6
-5 + 1 - (-11 - -14)
-7
What is the value of 14 + 5 + (3 - (12 - -3))?
7
What is 6 + -11 + 0 + 8?
3
(6 - 5) + (-1 + 4 - -1)
5
Evaluate 11 + -7 + 2 - 2.
4
Evaluate 10 + -7 - 4 - (2 - -3).
-6
(1 - (3 + 5)) + (-1 - -4)
-4
Calculate (-11 + 5 - -3) + -1 + 3.
-1
What is the value of -5 + 10 - 12 - -10?
3
What is -7 + -3 + (13 - -5) + 0?
8
What is 3 - (5 + -1 + 5) - -5?
-1
0 + -3 + (2 - -3) + -5
-3
What is the value of -4 - -2 - (82 - 93)?
9
What is 0 - ((-1 - -3) + 0)?
-2
Calculate 5 + (2 - 3) + 2.
6
Calculate -8 - (-2 + -4 + 1 + 4).
-7
What is the value of 21 + -15 + -12 + 0?
-6
What is -5 + 2 + -13 - -8?
-8
What is the value of -5 + (-9 - -11 - (1 - 0))?
-4
Calculate 0 + -7 - (-6 + (-2 - -5)).
-4
What is the value of -5 - -2 - (-2 + -1)?
0
Evaluate -19 + 13 + 2 + 0.
-4
Evaluate -2 + 4 + -3 - (1 + -2).
0
2 + 2 - (-7 - -5)
6
3 + 0 + -6 - -7
4
Calculate -3 + (1 - 6) - -4.
-4
Evaluate -2 - (-13 - (-2 + -4 + 1)).
6
Calculate 2 - (-9 - (-3 + -1)).
7
0 - 1 - (-3 - 1)
3
Calculate (1 - -4 - 7) + 7 + 0.
5
Calculate 6 + -4 + 8 + -3 + -12.
-5
What is the value of 3 - (-2 - 4) - 3?
6
Calculate -7 + (-3 + -1 - -7) + 4.
0
What is the value of -14 + 11 + -5 - -7?
-1
Calculate 6 + (-6 - (-1 - -5)).
-4
Calculate -4 - 0 - (-3 - 11 - -10).
0
Evaluate 1 - 6 - ((31 - 8) + -20).
-8
What is the value of 5 + 1 + -8 + (-1 - 1)?
-4
Evaluate -2 + -2 + 2 - (-27 + 28).
-3
Calculate (-5 - -4 - -7) + -5.
1
-4 + 3 - (4 - 6)
1
Evaluate 2 + -1 + -8 + 12.
5
Evaluate (9 - (0 + 1)) + -19 - -5.
-6
5 + (-12 - -4 - -9)
6
Evaluate 2 - -1 - 7 - (-5 + 6).
-5
Evaluate -8 + 12 + -3 + -3 + 3.
1
Calculate 1 + 1 + (-4 - -9 - 6).
1
(0 - 13 - -8) + 5
0
What is (1 - 4) + (3 - 1) + 0?
-1
What is the value of -1 - -10 - (5 + 1 - 2)?
5
(0 - 15) + 10 + -1
-6
7 - ((13 - 2) + 4)
-8
What is 3 - (7 - (6 + 3))?
5
Calculate (3 - 10) + 2 - (-9 - -7).
-3
What is (5 - 2) + (-1 - 1)?
1
-4 - (8 + -8 + 0)
-4
8 - (5 - (-2 + 5)) - 4
2
Calculate -3 + (4 - 15 - -2) + 6.
-6
Calculate (3 - -2) + (-3 - 10) + 4.
-4
(-4 - 1) + 9 + -4
0
Evaluate (15 - 5) + 3 + -6 - 7.
0
Evaluate -2 - (6 - (8 - 4)).
-4
-4 + (4 - 5) - (-9 - -3)
1
Calculate -7 + (-8 - (-8 - 5)).
-2
What is the value of -1 - (-1 + (0 - -7 - 9))?
2
(-3 - (-2 + 8 + -16)) + -3
4
Calculate -15 + (-3 - -7) + -4 - -6.
-9
What is -2 + (2 - 6) - -1?
-5
Calculate -1 - (-7 - (-2 - 3)).
1
What is -12 - (15 + -16 - (5 + 0))?
-6
Evaluate (5 - 2) + (2 - 8).
-3
Calculate -17 + 26 - (1 - -2 - -4).
2
What is -4 + -5 + (-2 - -6) - -4?
-1
Evaluate ((2 - 1) + -1 - -2) + 0.
2
(0 - -7) + -15 - -6
-2
What is the value of (8 - (-9 - (0 + -5))) + -6?
6
(4 + -4 - -4) + 2 + -6
0
Calculate 11 + (8 - (22 + -7)).
4
Evaluate -6 + (16 - (18 - 10)).
2
What is the value of -4 + (8 - (-5 + 17))?
-8
Evaluate (6 - (-10 - -10)) + (1 - 3).
4
Calculate -1 - (-9 - (-2 + 0)).
6
What is 3 - (-1 + 12) - -6 - 4?
-6
Calculate 1 + (0 + (-2 - -1) - -1).
1
What is (-2 - -6 - 3) + 13 + -13?
1
Calculate (-10 - (-9 - 6)) + -4.
1
Calculate -5 - -1 - 7 - 1 - -7.
-5
Calculate -9 - -1 - (-12 - -1).
3
What is 5 - (11 + 1 + -5 + -2)?
0
Calculate 10 + (-4 - -1) - 3.
4
Calculate 1 + 2 + -4 + -2 + 1.
-2
What is -1 + 1 - (4 - (-8 + 10))?
-2
Calculate 18 - 23 - (-1 + 1 + -3).
-2
What is -6 + 12 + -11 + 6?
1
What is the value of 16 - 8 - 12 - 1 - -5?
0
0 - 3 - (9 + -10 + 0)
-2
-5 - (5 + -13 - -6)
-3
Calculate -7 + (0 - -12) - 3.
2
Calculate -8 + (3 + -3 - (3 + -3)).
-8
What is the value of -1 + (7 - 5) + 1 + -4?
-2
What is (4 - 3 - (6 + -5)) + 3?
3
3 - (1 - (0 + (-1 - 10)))
-9
What is the value of 0 - -14 - 17 - (0 + 1)?
-4
4 - ((-5 - 4) + 6)
7
What is 0 + -1 + -4 - (-5 - -2)?
-2
Evaluate -25 + 26 + (1 - (0 - 2)).
4
Calculate 10 + 3 + -18 + 3.
-2
Calculate (-2 - 2) + 4 + 0.
0
Calculate -3 + 0 - (-7 - (3 + -9)).
-2
Evaluate -5 + 9 - -6 - 17.
-7
Evaluate 3 + -4 + (-11 - -10).
-2
Calculate -3 - ((0 - -1) + -1 + -2).
-1
-1 + (-15 - (-2 + -11))
-3
Calculate 6 - ((-1 - -4) + -5 - -3).
5
What is 5 - (7 + -5) - -2?
5
Evaluate 2 + (0 + 5 - 5).
2
What is (-1 - (2 + -1)) + 7 + 0?
5
What is the value of (2 + 0 - 1) + -35 + 34?
0
What is -2 + -2 + -2 + 3?
-3
What is the value of 3 - ((5 - 4) + -2) - -2?
6
What is -7 - -3 - (-3 + -1 + -2)?
2
What is (-2 - -10) + (-3 - (3 + -5))?
7
Evaluate (-3 - 8) + 5 - -10.
4
What is the value of (-1 - -1) + 3 + (-2 - 0)?
1
Calculate -9 + (0 - 2 - -6) + 0.
-5
What is the value of 6 + (4 - 8) + 2?
4
What is the value of 1 - (-3 + 8 + -2)?
-2
Calculate 4 + 0 + -8 + -4 + 2.
-6
Evaluate (84 - 81) + 0 + 0.
3
What is the value of -4 - (-7 - 6) - 4?
5
Calculate 18 + -18 + 7 + -12.
-5
Evaluate -594 + 596 + (-4 - (1 - 1)).
-2
(21 - 33) + 6 + 4
-2
What is (8 - 1) + -12 - -8?
3
Calculate -5 + (-1 - -6) + 0 + 8.
8
3 + -1 + -4 + 1
-1
What is the value of -5 + (-12 + 5 - -15) + -4?
-1
Calculate 19 + -14 + (-8 - -2).
-1
What is the value of 11 + -6 + (-3 - -3)?
5
Evaluate -9 + 14 - (6 + -2).
1
Calculate 12 + -27 + -1 - -13.
-3
What is the value of (-2 - 2 - 0) + (3 - 4)?
-5
What is the value of -1 - 1 - (-37 - -31)?
4
(-5 - (4 + -2)) + 0
-7
What is the value of (-4 + -2 - -1) + (11 - 5)?
1
What is 1 - (-1 + (2 + -2 - -2))?
0
Evaluate (1 + 6 - -1) + 5 + -11.
2
Calculate -3 + 0 + 8 - 1.
4
What is 9 - 11 - (1 - (0 - 2))?
-5
Evaluate (6 - 1) + (0 - 3).
2
(0 + 2 + 2 - 1) + 1
4
1 + 0 - (-1 + 3 + -2)
1
What is -3 + -1 - (-2 - (-9 - -7))?
-4
What is the value of 3 + -7 - ((3 - 3) + -2)?
-2
-1 + 5 - 4 - 0
0
Evaluate -12 + 16 + -7 - -1.
-2
Calculate -5 + 4 - (-10 + 9).
0
Evaluate 10 + -14 - (1 - 0).
-5
What is the value of (1 - -2) + (-4 - 0)?
-1
What is the value of -5 + 0 - -1 - -7?
3
1 + -4 + 0 + 0
-3
What is the value of 1 - ((-4 - (-5 - -3)) + 1)?
2
What is 2 + (-3 - (-9 - -5)) + -2?
1
30 + -32 - (0 - (0 - -4))
2
13 + (11 - 9 - 11)
4
Calculate 15 + -13 + 2 - 0.
4
Evaluate (14 - 7 - 11) + 7.
3
Evaluate -3 - (7 - 3 - (1 - -10)).
4
Evaluate 1 + -1 + (12 - (11 + -5)).
6
What is the value of 2 + -4 - (9 + -17)?
6
Calculate 3 + -2 + (-11 - -9).
-1
-3 + (-1 - -2 - -2) - 0
0
What is the value of (-2 - (-4 + -1)) + -16 + 15?
2
What is the value of (-135 - -132) + 0 + (2 - 4)?
-5
Evaluate 6 + -13 - -5 - (1 - 2).
-1
Calculate (15 - (8 + 2)) + (-3 - 3).
-1
What is the value of (2 - 4) + -2 + (7 - 3)?
0
What is the value of 9 + -1 + -10 + 4?
2
Evaluate (1 - 2) + (3 - 1).
1
What is the value of (4 - 2) + (-2 - 4) + 2?
-2
Evaluate (12 - 14) + 3 - (-1 - -7).
-5
1 + (1 - (0 + 3)) + -2
-3
1 + -4 + 9 + -2
4
What is 9 - (9 - (4 - 9))?
-5
What is the value of -2 + -6 + 111 + -99?
4
What is the value of 13 - (-4 - 7) - 15?
9
Calculate (0 - -8) + (-2 + 11 - 21).
-4
Calculate (-4 - -3 - -3) + 0.
2
What is 1 + -10 - (31 - 44)?
4
2 + -5 + (-3 - -2) + 3
-1
What is the value of -8 - (1 + -5 - -1) - -11?
6
What is 4 - (5 + 2 + -3) - 3?
-3
Calculate -27 + 29 - (7 + -1).
-4
3 + 1 + -6 - (0 - -2)
-4
Evaluate -4 - (2 + 1 - (2 - 0)).
-5
Calculate -13 + 13 + (6 - (-1 + 3)).
4
What is the value of 9 + -9 + -10 - -12?
2
What is the value of -2 + (0 + (-5 - -3) - -1)?
-3
What is 3 + (8 + -5 - 9)?
-3
Calculate 12 + -13 - (-1 + (-1 - -1)).
0
Evaluate -16 + 26 + -6 + 1.
5
Calculate -1 + (4 - (9 + -5 + 2)).
-3
Calculate 2 + (8 - 10 - (7 - 0)).
-7
What is the value of -6 - 3 - -3 - (-28 + 30)?
-8
What is 3 + (17 - 6 - 12)?
2
(0 + 4 - 1) + -7
-4
-9 - (0 - -7 - 6 - 7)
-3
Calculate -2 + 6 - (1 + (-4 - -4)).
3
Calculate -2 + (-9 - -5 - (4 + -6)).
-4
What is the value of -5 + (-1 - (2 + -5))?
-3
(1 - -3) + 140 + -145
-1
Evaluate 9 +